
7 - (34 - -2) - (-7 + 0 - -22)
-44
What is 768 + -784 - (-1 - (-1 + -1) - 100)?
83
What is (11 + -7 - 9) + 46 + -126?
-85
Calculate 5 + -7 - (352 - 370).
16
What is the value of -44 + 6 - -5 - 16 - ((1 - 2) + 9)?
-57
Calculate 12 - (7 + 1) - (20 - (25 - 20)).
-11
What is the value of 14 + (29 - (17 - -6)) + (-2 - 7)?
11
What is the value of -8 + (7 - 1) + 11 + (16 - 2)?
23
Evaluate (10 - (4 - -23)) + 127.
110
Calculate -8 - 5 - ((11 - 10) + -36).
22
Evaluate 4 + (9 - (11 + (13 - 12))).
1
Evaluate (-220 - -65) + 9 + 93.
-53
(-10 - (16 + -63 - -24)) + 0
13
(32 + -22 - 10) + -2 + -5
-7
-22 - (-66 + (-8 + 25 - 2))
29
Calculate -12 + 18 - 19 - (-38 + 3).
22
What is -52 + 44 + 28 + -45 + 8?
-17
Evaluate -10 - (-1 + 0) - (-81 + -16 - -82).
6
Calculate 38 - -40 - 32 - ((7 - 14) + 0 + -7).
60
What is the value of 46 + (-8 - 28) - (-52 + -5 + 5)?
62
What is the value of 19 - (27 + 23 + -18 + -14)?
1
What is the value of 25 + -22 - (-12 + 6 - -7)?
2
(-32 + 45 - 3) + 5
15
-15 - (1 - -5) - (19 + (-1 - -58))
-97
Calculate 13 + -6 + 6 + 1 + 133 + -131.
16
-52 - (-58 + -32) - -6
44
Evaluate (-5 - 2 - -4) + 47 + -72.
-28
Evaluate 4 - (118 + (-1 - 11) + -2 + (-46 - -45)).
-99
Evaluate -11 + (-5 - -36) + (4 - -12).
36
What is the value of 39 + 42 + -70 + -58?
-47
Calculate 58 + (-49 - -50) + -37.
22
What is 9 - (-3 + 18 + -17 - 0)?
11
What is -8 + (-11 + 92 + -21 - 2)?
50
(-20 - (7 + -16)) + 13 - (-3 - -5)
0
6 + 24 + -46 + -62 + 111
33
(6 - 2) + (-32 - (13 - 31)) - 5
-15
What is (-10 - (-66 - -72)) + 43?
27
Calculate -95 - (-4 + -7) - (-4 + (-9 - -4)) - -9.
-66
What is 2 - -90 - (155 + (146 - 316))?
107
-40 - (-35 - 38) - 79 - -41
-5
(60 + 1 - 57) + -1 + 42 + 1
46
What is -4 - ((-46 - -46) + 0 + -8 + 37 + -47)?
14
What is the value of (10 - (-12 - (-20 + 5))) + (0 - -58) + 1?
66
Calculate -10 + (2 - (-15 + 11)) - (4 - 5 - -14).
-17
Calculate (-53 - -35) + -5 - 6.
-29
Calculate 103 - 5 - (-269 - -324).
43
Calculate -13 - ((5 - 19 - -11 - 4) + -87).
81
19 + -35 + (-11 - ((18 - 18) + 1))
-28
What is 58 - (15 - (-11 + (20 + 7 - 9)))?
50
0 - -62 - (-3537 - -3574)
25
What is (-88 + 39 - -42 - (7 + -1)) + 10?
-3
(-44 - (-18 + 25) - 63) + (18 - 0)
-96
(13 - (0 - (-12 - -3)) - 15) + 66
55
Calculate -45 + (4 - 10 - -8) - -4.
-39
Calculate 51 - (9 + -21 + 77).
-14
What is the value of (-66 - 25) + 87 + 0 + 10?
6
What is -9 + (-6 - (14 - (23 - 32)))?
-38
What is the value of -73 + 1 - (-3 + 7 + -12 + 1)?
-65
What is the value of 6 + 2 + (-6 - ((2 - 1) + -3 - -15))?
-11
(-3 + 4 + 36 - -51) + 3
91
Calculate 2 + (14 + -16 + -2 - 6) + (-47 - -2).
-53
Calculate -42 - (-9 + -60 - 3).
30
Evaluate 28 + -41 + (43 - 3) + 4 + -1.
30
Calculate 3 - ((-6 - 31) + -11 + (25 - 18)).
44
What is 0 + -10 + (-58 + (14 - (9 + -1)) - -9)?
-53
What is the value of -20 + 1 + (-4 - -3 - 1) + 8?
-13
Evaluate (-7 - (2 - 3)) + -2 + (-36 - 0).
-44
Evaluate 9 + (-13 - (-8 + 2 - (-3 - (-14 - -53)))).
-40
12 + -17 + (-8 - (-19 - -16)) + (-49 - 1)
-60
Evaluate -11 + 0 + 3 + (19 - (-13 + 34)) + 3.
-7
What is (18 - 6) + -16 + (7 - -75 - 15)?
63
What is (2 - 20 - (-2 - -6 - (227 - 217))) + 150?
138
(0 - 4 - 1) + (69 - (-23 - -37 - 52))
102
What is -50 - 1 - (-7 + -8) - (-14 - -3)?
-25
What is the value of (3 + -14 - -2) + 110 + -91?
10
What is 0 - 108 - ((2 - 41) + 12 - -27 - -12)?
-120
What is (-33 - (28 + -1)) + 18?
-42
-101 - (1 - (25 - 16 - -4))
-89
Calculate (-239 - 23) + 264 + -122.
-120
Evaluate -60 + 32 + 36 - (2 - (-3 + 2)).
5
What is -6 + -4 - (12 - (-9 + -22) - 16) - -10?
-27
Evaluate -6 + (-12 - (47 - (2 - (-12 - -17)))) - -13.
-55
Evaluate 0 + 13 + (-38 - 10) + 8 + -8.
-35
Evaluate 29 - 143 - (-3 - 124).
13
46 + 3 + -59 + 0
-10
Evaluate -16 + (57 - (54 + 11)).
-24
Calculate -47 + 12 + 11 - (-96 - -104).
-32
(-124 - 54) + 72 - -92
-14
What is the value of 4052 + -4119 + (40 - -1)?
-26
What is the value of 17 + (-12 - (22 + -20)) - (3 - 4)?
4
56 - 62 - 75 - -140
59
Calculate (2 - 0) + 1 + -5 + (186 - 226) + 86.
44
Calculate -10 + 4 + -8 + 4 + 38 + -15 + -85.
-72
(610 - 606) + -21 + -2 + 5
-14
-68 + 21 + (-3 - 20) + -41
-111
-30 - (-3 - (11 + -6 + (24 - 24)))
-22
-48 + 5 + -10 + 57
4
-82 + 102 + -12 + (-23 - 2) + -1
-18
Evaluate (1 - 2) + (-9 - (34 + 14 + -36)).
-22
Evaluate (64 - 47) + -46 + 39.
10
Evaluate -13 - (-4 + 29 - 7) - 27.
-58
Calculate -2 + 103 - (-5008 - -5069).
40
Evaluate 83 + -131 + 36 - -74.
62
What is 47 + (-40 - -49 - 112)?
-56
-17 + 16 + (-30 - -10) + 25
4
Evaluate 9 + -7 + -12 + 9 + 13 + -21.
-9
What is -7 + -14 + (0 - -106) + (-17 - -8) + -1?
75
Calculate 30 + -76 + (3 - 4 - -2).
-45
(171 + -135 - (4 - -15)) + -88
-71
What is the value of 1241 + -1203 + -30 + 0?
8
36 + (-43 - 5) - -26
14
What is -24 + (-24 - (6 - 53)) - 50?
-51
What is the value of 14 - -9 - (-51 - -103)?
-29
(211 - 111 - 47) + -70
-17
What is (1236 - 1299) + 21 + -3?
-45
Evaluate 1 - (3 + -5 - (-1 + (-11 - -3))) - -1.
-5
Evaluate -3 - (16 + (-81 - -50)).
12
Evaluate 48 + 56 + -143 + -28.
-67
What is -11 + (11 - -2) + -10 + (8 - -8)?
8
What is (0 - (63 - (0 + 17)) - 17) + (-4 - -1)?
-66
Evaluate (-68 - (-16 + -2)) + 21 + -10.
-39
Calculate (2 - 8) + -13 + -9 + -10 + 2.
-36
Calculate -46 - (110 + (-134 - 31)).
9
Evaluate -24 - (44 + (-38 - -8)).
-38
What is the value of (78 + -39 + -42 - 2) + -1?
-6
What is the value of (-149 - -96) + -1 + 21 + 104?
71
Evaluate (1 - -3 - (0 - 41) - 1) + 233 + -241.
36
What is 24 + 25 - -5 - (19 - -7)?
28
Evaluate -20 - 3 - (-1 + 10 + 8).
-40
Calculate 134 + 90 + -151 + 51.
124
(7 - (2 + 9) - (-10 - -1)) + (6 - 48)
-37
Evaluate (0 + -2 - (37 - 2)) + (-6 - (9 + -19)).
-33
What is (1 - 0) + -54 - (-69 - (-118 + 51))?
-51
What is 50 + 91 + -180 + -24?
-63
Evaluate 5 - 3 - (-18 + 4 + (-1 - -5)).
12
22 - (15 + -1 + (92 - 108))
24
What is the value of (2 - -7) + 115 + -135 - (-5 + 0 + 3)?
-9
-9 + -2 + (6 + -5 - (-12 + 0 - -50))
-48
Evaluate 0 + (-16 - -2 - -7) + -12.
-19
Calculate 146 + -158 - (3 - 0) - 29.
-44
Calculate -159 + 0 - -131 - (12 + 1).
-41
What is the value of (-39 - -4) + -12 + 7?
-40
Calculate (-4 - ((23 - 10) + -6)) + -91 - (3 - 13).
-92
What is the value of (2 - (13 + -7) - 6) + -14?
-24
What is ((0 - 13) + (-12 - -21) - 8) + 0?
-12
What is the value of -400 - -358 - (4 + (-15 - 6))?
-25
What is the value of 0 + (10 - (9 - -1)) + -59 + (-15 - -21)?
-53
What is the value of -5 + -36 + 31 + 48 + (-3 - 0)?
35
Evaluate 200 - (-28 + 184) - (2 + (1 - 0)).
41
Calculate (-29 - -4 - 0) + (27 - 12 - 6).
-16
Evaluate 64 - (192 - 29) - -90.
-9
Evaluate (75 - 0 - (-110 - -152 - 60)) + 8 + 1.
102
What is (0 - 4) + 0 + -11549 + 11558?
5
12 + -8 - 14 - ((-1 - -8 - -19) + 0)
-36
Calculate 3 + -13 + -2 + (-10 - 45) + 9.
-58
Evaluate 76 - (59 - 75) - 70.
22
What is (38 - (-3 + -1) - (3 + -7)) + 61 + -72?
35
What is 0 + 1 - (60 - (-17 + (13 - 7) + 17))?
-53
What is the value of 24 - (11 + -28) - 16 - 86?
-61
What is the value of -71 + (-11 - -6) + 20 + (-3 - -1)?
-58
What is the value of -30 + -15 + 1 + -1 + 22 + -8?
-31
What is -3 + 100 + 4 + -15 + (12 - 15) + 8?
91
What is the value of ((110 - 8) + -20 - 21) + 6?
67
What is 29 - 19 - 14 - (-2 + -20)?
18
Calculate (0 - -1) + (1424 - 1471).
-46
Calculate (-26 - (-12 - 1) - (-8 - (-10 + 19))) + -23.
-19
-25 + (-30 - (-20 + 3)) + 17 + -4
-25
2 + ((-17 - -9) + -1 - 4) + 56 + 14
59
Evaluate 38 + (8 - 0) + -72.
-26
Evaluate -61 + 48 + 37 + -33.
-9
(106 - 118) + (7 - 6 - -14)
3
What is (-54 - -106) + -52 - 9?
-9
Evaluate -12 + 61 + -16 + -31.
2
What is -12 - (1 + -8) - (-19 + 61) - 0?
-47
(-1 + 8 - (430 + -414)) + 20
11
Calculate 0 + -11 + -70 - (-5 - (-12 - -9) - -1).
-80
-10 + (-1 - 3) + (-31 - -7 - -17)
-21
Evaluate -1312 + 1344 + (-4 - 0) + -60.
-32
What is 117 - (71 + (-34 - (12 - 11)))?
81
15 + 8 - (-8 + 12) - 19
0
What is -25 + (-45 - -73 - 42) - (1 + -1 - -3)?
-42
What is 46 - (-1 + 16 + -4 + -15 + 3 + 10)?
37
Evaluate (-11 - -6) + 2 + (-29 - (-19 - -7)).
-20
7 + (-109 - -1 - (864 - 878))
-87
(-16 - 8 - (1 - -1)) + (-30 + 91 - 57)
-22
Calculate 134 - (-40 + 2 + (59 - 5)).
118
What is -2678 - -2670 - (-2 + -1)?
-5
(-538 - -462) + -3 + 0 + -13
-92
Calculate 49 - (-27 - (-4 - 3 - 22)).
47
Calculate -52 + (-110 - (-109 + 13)).
-66
What is the value of 1 + 13 - ((5 - 15) + (-527 - -592))?
-41
What is -223 + 55 + 66 + 110?
8
What is the 